(c).
-6
Let x(y) = -9 - 11 + 35 + 4 + 11 + y**2 + 12*y. Calculate x(-9).
3
Let q(t) = t**2 - 3*t - 10. Let z be (25/(-5) - -113) + (2 - 2). Let h = z - 101. Calculate q(h).
18
Let c(j) = -j**2 - j + 8. Let z be 8/3*(-12)/(-8). Calculate c(z).
-12
Let b(s) be the second derivative of -s**4/12 - s**3/3 + 3*s**2 - 129*s. Determine b(5).
-29
Let b(m) = m + 5. Let o be b(-11). Let j(l) = -93*l**3 - 6*l**2 - 1 + 92*l**3 - 2 + 4 + 0. Give j(o).
1
Suppose 6 = -4*d - 30. Let c = 9 + d. Let j(t) = -t**2 + 1. Give j(c).
1
Let r be 0/(1 - (-2 + -1)). Let m(h) be the second derivative of 0*h**2 + r + 7/6*h**3 + 8*h. What is m(1)?
7
Let g(q) = -2*q + 5. Let k be g(3). Let w(p) = -2 + 21*p + 1 - 8*p. Let l(c) = -14*c + 1. Let x(f) = -3*l(f) - 4*w(f). What is x(k)?
11
Let m = 21 + -7. Let u = -11 + m. Suppose -3*w - 9 = -u*h, w = 5*h + 5 - 16. Let s(y) = -y**3 + 3*y**2 - 3*y + 1. What is s(h)?
-1
Suppose 55 = -4*f + 3*q, -5*f - 3*q - 60 = 29. Let m = f + 18. Let l(j) = 3*j - m - j - 7*j + 1. Give l(1).
-6
Let w(m) = m**2 - 6*m + 1. Suppose -50 = -t - t. Suppose -3*s = 3*z, 5*s + 11 + t = 4*z. Suppose 15 = 3*q + 5*f, -9 - 11 = -z*q + 3*f. Calculate w(q).
-4
Let y(a) = 15*a**3 - a**2 - a. Suppose -19*u = -24*u - 5. Let f be (u - -2)/(-8 - -7). What is y(f)?
-15
Let v(g) = -g. Let q be v(1). Let j(x) be the first derivative of -1/2*x**2 - 9 - x + 1/3*x**3. Calculate j(q).
1
Let q(g) = g**3 + 6*g**2 + 4*g - 2. Let b(d) be the second derivative of -1/3*d**4 + 0 - 4*d + 1/3*d**3 + 1/2*d**2. Let w be b(-1). Determine q(w).
3
Suppose 38*s = 50*s + 48. Let r(x) = -20*x + 17. Let k(y) = -7*y + 6. Let o(c) = -17*k(c) + 6*r(c). Calculate o(s).
4
Let l(z) be the second derivative of -z**5/20 - 5*z**4/12 + z**3 - 3*z**2 + 3*z + 11. Give l(-6).
-6
Let l(x) = 0*x**2 + 1 + 3*x**2 - 4*x**2 - 3*x. Let z be ((-60)/(-125)*-5)/((-10)/(-25)). Give l(z).
-17
Let v(s) be the second derivative of 0 + 1/6*s**4 + 24*s - 4/5*s**5 + 1/3*s**3 + 1/2*s**2. Give v(-1).
17
Let d(n) = 8*n**2 - 5*n + 1. Let f be -8 - -6 - 4 - -9 - 1. Give d(f).
23
Suppose -60*j + 41*j = -38. Let n(c) = 14*c**2 - 2*c + 3. Give n(j).
55
Let i(d) = -4*d**2 - d. Let o = 5 - 5. Suppose 4*m + 3*m + 7 = o. Let c(p) = p**2. Let s(j) = m*i(j) - 5*c(j). Give s(1).
0
Let s(b) be the second derivative of -b**3/2 + 19*b**2/2 + 3*b. Let u be s(8). Let m(x) = -x**2 - 6*x + 1. Determine m(u).
6
Let a be (-18)/8 + 2/8. Let p(j) be the second derivative of 1/2*j**3 - 21*j + 0*j**2 + 0 + 1/4*j**4. What is p(a)?
6
Let k(y) = -y + 1. Suppose 0 = -4*f + 3*q + 75, 9 - 39 = -f + 3*q. Suppose 29 = 2*g + 2*w - w, -73 = -5*g - 3*w. Let p = g - f. Calculate k(p).
2
Let c(o) = 3*o**2 - 3*o + 2. Suppose 0*f = f + 10. Let g(t) be the first derivative of -t**2/2 - 8*t - 23. Let d be g(f). Give c(d).
8
Let v be 32/(-8)*-2 - -1. Let b(o) = o**3 - 8*o**2 - 6*o - 1. What is b(v)?
26
Let u(z) = -z - 3. Suppose -4 = 5*p + 11, -5*g - 3*p - 29 = 0. Calculate u(g).
1
Suppose 2 = t - 2*t. Suppose -q + 2 + 0 = 0. Let d(v) = -v. Let h(a) = -2*a + 1. Let f(m) = q*h(m) - 3*d(m). What is f(t)?
4
Let n(y) = 12*y - 5. Let m(j) = 22*j - 9. Let o(r) = 4*m(r) - 7*n(r). What is o(-7)?
-29
Let k(g) be the second derivative of 1/6*g**3 + 0 + 8*g + 2*g**2. Let l be k(-7). Let t(y) = -y**2 - y + 2. Determine t(l).
-4
Let f(s) = s**2 + s - 1. Let w(z) = 6*z**2 - z + 1. Let c(r) = -5*f(r) + w(r). Give c(5).
1
Let w be 2 - -2 - ((-95)/(-24))/1. Let j(y) be the third derivative of w*y**4 - 2/3*y**3 - y**2 + 0 + 0*y. What is j(6)?
2
Let h(s) = s**2 - 2*s - 3. Suppose 0 = -4*g + 4*m + 36, m - 4*m - 31 = -4*g. Suppose a = f - 5*f + 4, 3*f - 3 = -4*a. Suppose a = -3*l - g - 2. Calculate h(l).
5
Let v(i) be the first derivative of 2*i**3 - 20*i**2 - 6*i + 7. Let l be v(7). Let x(h) = h + 9. Give x(l).
17
Let k(c) = -c**2 - 7*c - 2. Suppose 18 = 5*a + a. Suppose 3*i + 23 = -w, 2*w + 0*i + a*i + 31 = 0. Calculate k(w).
-10
Let r = -55 - -62. Let i(n) = -10 + 12 - 2*n**2 - 7*n - r. Calculate i(-4).
-9
Suppose 0 = 3*j + 2*j + 5*k + 15, -4*k = 0. Let r(c) = -5*c**2 - 2*c - 1. Let m(b) = 4*b**2 + 2*b. Let g(x) = j*r(x) - 4*m(x). What is g(3)?
-12
Let r(m) be the first derivative of m**2/2 - 3*m + 67. Calculate r(-2).
-5
Suppose -3*j + 4 + 8 = 0, -j = t - 4. Suppose 0 = 2*n - 3*y - 69, t*n + 2*y = -2*n + 94. Let o = -39 + n. Let w(h) = -h**3 + h**2 + h + 2. Give w(o).
-13
Suppose 3*f + d - 15 = -3, -5*f + 5*d = -40. Let t(n) = -n**2 + 3*n + 8. What is t(f)?
-2
Let u = 132 - 126. Let g = 6 + -4. Let p(c) = -6*c - 3*c - 3*c**g + 4*c**2 + 8. Give p(u).
-10
Let w(a) = a - 9. Let v(r) = r**3 - 4*r**2 + 10*r - 6. Let b be v(4). Let x be (0 - 1)/(0 - 1). Suppose 0 = 5*t - x - b. What is w(t)?
-2
Suppose 8*g = 2*q + 6*g + 4, 5*q + g = -10. Let r(w) = -8*w - 7. What is r(q)?
9
Let y = -15 + 18. Suppose y*r + g = -g + 28, 42 = 4*r - 2*g. Suppose -3*j + r - 26 = 5*m, -3*j + m + 14 = 0. Let z(c) = -c + 2. Give z(j).
-1
Let j(a) = -7*a + 22. Let z(k) = -13*k + 45. Let d(w) = 7*j(w) - 4*z(w). Determine d(9).
1
Let l = -1 + 3. Let g(u) be the third derivative of u**5/60 - u**4/12 - u**3/6 + 2*u**2 - 74*u. Determine g(l).
-1
Let u be (-2)/(4/(-10)) + -2 + 3. Let y be (-28)/u - (-5 - 96/(-18)). Let k(q) = -q**2 - 4*q + 6. Give k(y).
1
Let m(a) = -4 - 4 + 0 + 64*a - 57*a. Give m(7).
41
Let h = 54 + -52. Let u(n) = -n**2 - 3*n + 3. What is u(h)?
-7
Let w(m) = -3*m + 5. Let u be 7/7 + 7 + (-2 - -1). What is w(u)?
-16
Let q(p) be the second derivative of p**5/20 - p**4/3 - p**3/3 + 5*p**2/2 - p + 15. What is q(4)?
-3
Let d(w) = 41*w + 62*w + 6 - 104*w. Give d(0).
6
Let w(r) be the second derivative of -r**6/60 + r**5/15 + r**4/12 - 2*r**3/3 + 13*r**2/2 + 8*r. Let n(a) be the first derivative of w(a). Calculate n(3).
-16
Let c = 3 - 2. Let h(q) = -2*q**2 + 16*q**2 + 0 - 1 - 11*q**2 + 2*q**2. Calculate h(c).
4
Suppose -2*b = 4*g + 6, 3*b = 7*b - 3*g - 21. Suppose -2*x = -b*x. Let p(f) = -3 + 2*f**3 + x*f - 2*f - f**3. Determine p(-2).
-7
Let y be (-21 + 7 - -25) + -2*1. Let f(x) = -x**3 + 9*x**2 + 3*x + 8. Determine f(y).
35
Let a(f) = -f**2 + 9*f - 5. Let r be a(3). Let y(j) = -j + 21. Let g be y(r). Suppose -3*d + 2 - g = 0. Let p(w) = w**2 + 3*w + 2. Determine p(d).
0
Let s be -1*(-1)/1 + 2. Let d(g) = -3 + 0*g**3 + 3*g + g**s - 3 + 4. What is d(2)?
12
Let i = 185 - 190. Let m(k) = -k**2 - 4*k. Give m(i).
-5
Let u be (72/(-8))/(-1 + 0). Suppose 3*z + 3*p + 9 = 0, -4*p - 11 = u. Let c(h) = h - 2. Let a be c(z). Let m(j) = -j**3 - j + 8. Calculate m(a).
8
Let x = -9 + 6. Suppose -5*c = -1 - 4. Let j = c + x. Let q(k) = -k**2 + 3*k + 1. What is q(j)?
-9
Let f = 13 + -10. Suppose 0 = -s + f. Suppose -s*u = 3*j, -3*j - 8 = -4*j + u. Let y(z) = z**2 - 2*z - 3. Give y(j).
5
Let j be ((-3)/9*2)/((-8)/(-492)). Let g = 47 + j. Let z(v) = v**3 - 7*v**2 + 7*v + 7. Calculate z(g).
13
Let i(y) = y**2 - 5*y + 6. Let z be i(7). Let a be (2/5)/(z/(-50)). Let r be (-2)/a*6/(-12). Let f(p) = 3*p**2 + p + 1. What is f(r)?
3
Suppose -2*l - 28 = 5*l. Let b(k) be the second derivative of k**5/20 + k**4/3 + k**3/3 + 3*k**2/2 + 27*k. Calculate b(l).
-5
Let a(n) = -n. Let m(i) = -5*i**2 - 26*i - 1. Let c(x) = -6*a(x) - m(x). Let z(t) = t**2 + 8*t. Let l(r) = 2*c(r) - 9*z(r). Give l(8).
2
Let o be (9 - 7)*-2 + (-3)/(-1). Let n(w) = 31*w**3 - w - 1. Give n(o).
-31
Let u(p) = -4*p**2 + 5*p - 7*p - 222 - 220 + 444. Determine u(2).
-18
Let g(f) be the second derivative of -f**5/30 + f**4/24 + 5*f**3/3 + 3*f. Let r(a) be the second derivative of g(a). Determine r(2).
-7
Suppose 27 = 7*b - 8. Let q(j) = -j**2. Let g(z) = -4*z**2 + 8*z - 4. Let f(m) = b*q(m) - g(m). What is f(-7)?
11
Let c(q) = 124*q**2 - 12*q - 28 - 233*q**2 + 110*q**2. Calculate c(14).
0
Let r(c) = -c**3 - c**2 - c + 1. Let d(q) = -4*q**3 - 20 + 11*q**3 + 14*q + 11. Let s(t) = d(t) + 6*r(t). Suppose 3*z - 5 = 2*z. What is s(z)?
12
Let o(k) be the first derivative of k**5/60 - k**4/4 + k**3/2 + k**2/2 + 1. Let j(v) be the second derivative of o(v). Let a = -1933 + 1938. Calculate j(a).
-2
Let h(i) = 5*i**2 - 10*i - 27. Let a(c) = c**2 - 4. Let u(k) = -4*a(k) + h(k). What is u(10)?
-11
Let j(c) = -c**3 + 7*c**2 - 3*c - 7. Let a be j(6). Let p be -1 + 1 - 42/3. Let d = a + p. Let o(n) = -2*n + 3. Calculate o(d).
9
Let s = -57 - -67. Let l(t) = -t + 17. Give l(s).
7
